 u = -2 - -9. Let f = u + -2. Let z be 2/(-5) - 13/f. Let r(n) = -n - 5. Determine r(z).
-2
Let f(j) = j**3 + 9*j**2 + 8*j + 2. Suppose 0 = -5*x - 39 - 1. Let b be f(x). Let y(m) = -m**b + 2*m + 3*m**3 - m**3 + 4*m**2. Calculate y(-2).
-8
Let u = -13 + 13. Let j(k) be the third derivative of -1/24*k**4 + 0*k + u + 7/6*k**3 - k**2. Calculate j(5).
2
Let i(k) = -k - 4*k + 4*k - 6 + 1. Let j(a) = a + 5. Suppose 4*z + h = 3*h - 8, -3*z - 4*h - 17 = 0. Let m(r) = z*j(r) - 4*i(r). Calculate m(-5).
0
Let z(v) = 11*v + 14. Let x(a) = 4*a + 5. Let k(f) = -17*x(f) + 6*z(f). Calculate k(6).
-13
Let u(i) = -2 + 5 + 5*i - 5*i - i**2 - 4*i. Let q(o) = -2*o + 7. Let y be q(6). What is u(y)?
-2
Suppose 0 = -b + 4. Let h(g) = 7 + g - b*g + 2*g. What is h(0)?
7
Let g(x) = -3*x**2 - 1. Let v be (-2 + 1)*(-12)/(-3). Let h = v + 8. Let f be h/(-6)*(-9)/(-6). Give g(f).
-4
Let r(l) = 0*l - 23263 - l + 23263. Let x be 2*-1*9/(-6). Suppose -h - u - 3 = h, -x*u + 3 = 0. Calculate r(h).
2
Let s = -2 - -4. Suppose -s*j - 9 = -3. Let d(c) = c**2 + 2*c - 1. Give d(j).
2
Let g(w) = 7 + 8*w**2 - 4*w**2 - 10*w**2 - w**3 + 9*w. Determine g(-7).
-7
Let q(v) = 6*v**2. Let y be (5 - 0)/((-1)/(-1)). Suppose -a = -5 + 4. Suppose y = -4*n + a. Give q(n).
6
Suppose 2*k - 3*k = -1. Let b be 1*3*1/k. Let c(j) = -4*j + 4. Determine c(b).
-8
Let u(z) = -z**3 + 6*z**2 - 7*z - 7. Let m(n) = n**3 - 6*n**2 + 6*n + 7. Let l(j) = 5*m(j) + 4*u(j). Let i be (-2)/3*(-15)/2. Calculate l(i).
-8
Let n = -1 - -3. Let u(g) = -32 - 3*g - n*g + g**2 + 29. Calculate u(5).
-3
Let b = 6 + -6. Let t be (-2)/(b - (-2)/(-2)). Let k(p) = -2*p**3 + 3*p**2 - p. Give k(t).
-6
Let f be 4/((-4)/(-1))*1. Let a(m) = 3*m + 1. What is a(f)?
4
Let f(n) = 781*n**2 - 2*n + 0*n + 2*n**3 - 783*n**2 - 1. Calculate f(-1).
-3
Let d(f) be the second derivative of f**5/20 - f**4/4 - f**3/3 - f**2 + 6*f. Calculate d(4).
6
Let o(a) = -5*a**2 - 12*a + 6. Let u(i) = 6*i**2 + 13*i - 6. Let n be (-4)/(-5) + (-93)/(-15). Let c(x) = n*o(x) + 6*u(x). Determine c(4).
-2
Let b = 9 - 4. Let q(m) = -m**3 + 6*m**2 - 7*m + 2. Let k(i) = -i**3 + 6*i**2 - 7*i + 3. Let f(d) = -3*k(d) + 2*q(d). Give f(b).
5
Let u be (11/((-44)/8))/(1/2). Let l(n) = -3*n - 6. What is l(u)?
6
Let o(s) be the second derivative of -s**4/12 - 5*s**3/6 + 2*s**2 + 20*s. Calculate o(-6).
-2
Let a(n) be the first derivative of 2*n**3/3 - 2*n**2 - n + 11. Give a(3).
5
Let r(q) be the third derivative of q**6/24 + q**5/60 - q**3/6 - 4*q**2. Let w be r(-1). Let t(p) = -p**3 - 6*p**2 - 7*p - 7. Give t(w).
3
Suppose l = -4*o + 10, -4*l - 5*o = -0*l - 18. Let p(j) = 5*j**2 - l*j**2 - j**2. What is p(-1)?
2
Let d(u) = u**3 - 9*u**2 + 8*u - 3. Let m be d(8). Let r(j) = -j**3 - 3*j**2 - 2*j. Let f be r(m). Let v(x) = -x**2 + 8*x - 6. Calculate v(f).
6
Suppose 0*s = s. Let y(i) = 3*i - 4 + i - i**2 + s*i + 3*i. Calculate y(6).
2
Let c(w) = -w**3 + 3*w**2 - 2. Let q(r) be the second derivative of r**5/20 + r**4/12 - r**2/2 + 10*r. Let o(u) = c(u) - q(u). What is o(-1)?
3
Let t(c) = -c + 3. Suppose 22*i = 18*i. Calculate t(i).
3
Let k(v) = -3*v**2 - 11*v - 3. Let q(i) = -7*i**2 - 23*i - 6. Let x(y) = -9*k(y) + 4*q(y). Suppose 2*l = -2*l + 24. Determine x(l).
9
Suppose 0 = 2*y - 109 + 29. Suppose -4*b = y + 16. Let q be 3/15 + b/(-5). Let c(d) = d + 1. What is c(q)?
4
Let l(p) be the second derivative of p**5/40 + p**4/12 - p**3/2 + 3*p. Let f(o) be the second derivative of l(o). What is f(-3)?
-7
Let q(k) = k - 1. Let n(m) = 15. Let u(i) = -n(i) + 4*q(i). Let g(a) = -a + 5. Let r(s) = 9*g(s) + 2*u(s). Calculate r(6).
1
Suppose -y - 4 = -4*z + 3*z, 2*z + 4 = -y. Let m(g) = 0*g - 2 + 0 + g + g**2 + g**3. What is m(z)?
-2
Let h be (-2 - -1) + 1 - -1. Let b(m) = -h + 3*m**2 + 2 + m**3 + 2*m - 3. Suppose -3*z - 1 = 5. What is b(z)?
-2
Let c(k) = -k + 2. Let p be 30/7 + (-4)/14. Suppose 3*o - p*n + 8 = 0, -5*o = n - 0*n - 2. Give c(o).
2
Let b be (-28)/6 - 1/3. Let z(a) be the third derivative of -1/8*a**4 - 1/10*a**5 - a**2 + 0 + 5/6*a**3 + 0*a - 1/120*a**6. Calculate z(b).
-5
Let r(v) = -v**3 + 12*v**2 + 3*v - 3. Let f(t) = 2*t**3 - 23*t**2 - 7*t + 7. Let i(n) = 6*f(n) + 11*r(n). Determine i(7).
-5
Let v be (6/4)/((-3)/8). Let f(g) = g**2 - 11*g. Let s(n) = -2*n**2 + 14*n - 1. Let a(u) = -3*f(u) - 2*s(u). Calculate a(v).
-2
Let a(q) be the second derivative of q**3/3 - 11*q**2/2 + 16*q. Determine a(9).
7
Suppose -3*a - 8 = -2*u + 4*u, 20 = -4*a - 5*u. Let q(m) = m - 8. What is q(a)?
-8
Let y(r) = r + 10. Let h be y(-7). Suppose -s = -4*g - 4*s + 12, h*g - 4*s = 9. Let q(w) = -3 + 0*w - 5*w - w**g - 5*w**2 + 4*w. Determine q(-5).
2
Let b(g) be the second derivative of g - 1/24*g**4 - 3/2*g**2 + 1/120*g**6 + 5/6*g**3 + 0 - 1/12*g**5. Let f(c) be the first derivative of b(c). Calculate f(5).
0
Suppose 8*x - 6 = 9*x. Let d(t) be the third derivative of -t**5/60 - t**4/4 - t**3/3 + 2*t**2. Give d(x).
-2
Let g(j) = -2*j - 1. Let h(n) = -3*n - 1. Let o(t) = 5*g(t) - 3*h(t). Determine o(-1).
-1
Let o(g) = 2*g - 1. Suppose -2*p - 10 = 3*p. Let f be ((-87)/6)/(p/4). Suppose -2*x - 3*x + f = 3*d, 5*x - 32 = -4*d. Determine o(d).
5
Let v(f) be the first derivative of -f**4/4 + 2*f**3 - f**2/2 + 1. Let d(w) = w - 2. Let k be d(8). Give v(k).
-6
Let f(y) = 11*y**2 - 26*y + 12. Let x(i) = 4*i**2 - 9*i + 4. Let r(b) = -3*f(b) + 8*x(b). What is r(6)?
-4
Let v(s) be the second derivative of -7/20*s**5 + 0 + 1/2*s**2 + 0*s**3 - 1/6*s**4 - 3*s. Calculate v(1).
-8
Suppose -g - g + 5*n = 11, 1 = 5*g - 3*n. Let r be (g - 2)/(-1 + 4). Let u(x) = x**2 - 10. Determine u(r).
-10
Let b be (-2)/9 + 32/(-18). Let l = 7 - 5. Let a(v) = 0*v**2 - 2*v - v**2 - 2 - 3*v**3 + l*v**3. Calculate a(b).
6
Suppose 0 = 3*h + 2*h. Let u be 6 - h - (-1)/(-1). Let r(z) = z - 12. Calculate r(u).
-7
Let m(s) = s**3 - 2*s**2 - 3*s - 1. Let p(y) = 2*y**3 + 5*y**2 - 3*y + 3. Let o be p(-3). What is m(o)?
-1
Let y(t) = t**3 - 9*t**2 - 4*t + 8. Let p(s) = s - 5. Let k be p(6). Let j(r) = -r**2 - r + 1. Let w(q) = k*y(q) - 6*j(q). Calculate w(3).
8
Let t(s) = 6*s**3 + 41*s**2 - 30*s - 12. Let y(m) = -m**3 - 8*m**2 + 6*m + 2. Let n(w) = 2*t(w) + 11*y(w). Calculate n(5).
3
Suppose 6*u = -u. Let w(j) = j**3 - j**2 + j - 8. Calculate w(u).
-8
Let r(y) = 6*y + 1. Let i be 2 - (-4 - -3)*-2. Let f be 1/(i - -1)*-1. What is r(f)?
-5
Let d(m) = m**2 - 2*m - 2. Let u(l) = -l**3 + 3*l**2 - 1. Let w be u(2). Suppose 0 = -3*g + 5*o + 32, -w*o + 8 = -g - 6*o. Give d(g).
6
Suppose 4*a = 2*a + 5*v - 35, a - 3*v + 16 = 0. Let d = a + 15. Let c be (-2)/d - 18/15. Let z(f) = 3*f**3 + f. What is z(c)?
-4
Let y(b) = 6*b**3 - 14*b**2 + 17*b + 17. Let d(c) = 2*c**3 - 5*c**2 + 6*c + 6. Let t(a) = 17*d(a) - 6*y(a). Determine t(-1).
1
Let j(z) = z**3 + 4*z**2 + 2*z + 3. Suppose -3*a - 5*u = -3, 5*u = 4*a + 45 - 14. What is j(a)?
-5
Let y(h) = h**2 + 5*h + 3. Let q(d) = -4*d + 12. Let n be q(4). Determine y(n).
-1
Suppose -5*l + 0 + 5 = 0. Suppose 3*p - 17 = l. Let s be (-6)/(-5)*(-20)/p. Let z(h) = -h**2 - 2*h + 3. Calculate z(s).
-5
Let m(y) be the first derivative of y + 1/3*y**3 + 2 - 1/2*y**2 - 1/4*y**4. Let w(t) = 5*t**3 - 7*t**2 + 10*t - 4. Let x(f) = -6*m(f) - w(f). Give x(-3).
-8
Let j(i) = -4*i - 2. Suppose 0 = 5*x + 5*z, -2*x + 4*z = 5*z + 3. What is j(x)?
10
Let o(i) = 6 + 8 - 18 + 2*i + 1. Determine o(3).
3
Suppose -k = 2*s - 1, 5*s - 5 = 4*k + 17. Let a(r) = -r. What is a(k)?
3
Let u(x) = x**3 - 5*x**2 + 2*x - 7. Let q = 55 - 50. Determine u(q).
3
Let a(m) = m**2 + 4*m + 2. Let x(p) = -2*p**2 - 4*p - 2. Let d(z) = 3*a(z) + 2*x(z). Suppose 2*v - 5 = -l + 8, l + 3 = 2*v. Calculate d(l).
-3
Let x(o) = 8 - 3*o + 0*o**3 + o**3 + 7*o**2 - 2*o**2. Suppose 8 = -4*s - 16. Calculate x(s).
-10
Let w(l) = -l**2 + 5*l + 3. Let b be (7 - 0) + (0 - 2). Let q = b + 1. Calculate w(q).
-3
Let b(o) = -2*o + 2. Let d be b(3). Let s(t) be the third derivative of -t**5/60 - t**4/6 - t**3 - 10*t**2. What is s(d)?
-6
Let r be (-4)/(-10) + 174/(-10). Let m = 31 + r. Let w be 10/15 - m/(-6). Let t(h) = -h**2 + 3*h - 3. Determine t(w).
-3
Let f be ((-16)/(-28))/(4/14). Let j(i) = 2*i**2 - 2 + i**3 + i - 2*i**f. Suppose -3*p = -0*p. Give j(p).
-2
Let k(o) = 0*o + 1 - o + 2*o. Give k(4).
5
Let h(v) = 31*v + 7 - 69*v + 37*v. Determine h(6).
1
Let z(i) = -i**2 + 6*i - 5. Suppose